 2*h**2 - h - 1. Let a be b(1). Let q = a + 23. Suppose -15*y = -12*y - q. What is the remainder when 75 is divided by y?
18
Let v = -3449 - -3485. Suppose 8 = s - 5. Calculate the remainder when v is divided by s.
10
Let l(q) = -26*q + 6. What is the remainder when 228 is divided by l(-2)?
54
Suppose 3*d + 2*j = 125, -4*j + 0*j = -4*d + 160. Calculate the remainder when d is divided by 2.
1
Let s = -103 - -137. Calculate the remainder when s is divided by 1/3 - 112/(-6).
15
Suppose -104*v - 292 = -106*v. Calculate the remainder when v is divided by -3 + -3*(3 + -27)/3.
20
Let j(p) = 13*p**2 + 4*p + 2. Let u be j(-1). Suppose 5*z - 293 = 2*h - u, 111 = 2*z + h. What is the remainder when z is divided by 19?
18
Let b be (-9)/(-6)*((-488)/(-6) - 0). Suppose -u + b = 3*v, -2*v = 2*u + v - 229. Calculate the remainder when u is divided by 37.
33
Suppose -2*l + 19 = 3. Suppose -2*s = 3*c - 179, 0*c - c - s + 58 = 0. Calculate the remainder when c is divided by l.
7
Suppose -5*o - 2*n + 249 = 2*n, 285 = 5*o - 5*n. Let i = 1248 + -1234. Calculate the remainder when o is divided by i.
11
Suppose -154 = -3*x + 125. Suppose 13*w - x = 63. What is the remainder when 58 is divided by w?
10
Suppose 0 = 4*l + 2*l - 1254. Calculate the remainder when l is divided by 70.
69
Let o(h) = 526*h**3 + 3*h**2 - 2*h. What is the remainder when o(1) is divided by 88?
87
Let m(z) = -5*z**2 - 45*z + 9. Calculate the remainder when 348 is divided by m(-9).
6
Suppose -4*p + 35 = 5*x, 4*p - 32 = -3*x - x. Suppose 0 = -p*o + 155 - 55. What is the remainder when o is divided by 7?
6
Let l be ((-3 - 17) + 2)/((-4)/(-2)). What is the remainder when 84/(-378) + 1/l*-209 is divided by 9?
5
Let p = 245 - 192. What is the remainder when p is divided by 27?
26
Let t be (4 - 3)*(1 - -5). Suppose 0 = -t*a + 2*a + 188. Suppose 2*c - 7*w = -2*w + 27, 5*c - 82 = -2*w. What is the remainder when a is divided by c?
15
What is the remainder when (-55)/(-3) - 2 - (-12)/(-36) is divided by 9?
7
Suppose 0 = -h - 3*l - 17, 0 = -h + 4*l - 2*l + 8. Calculate the remainder when 736/8*(h + (-33)/(-12)) is divided by 8.
5
Suppose -3*n + p + 14 = n, 3*n = -5*p - 1. Suppose u = n*u. What is the remainder when 3 is divided by u - 0 - 48/(-16)?
0
Suppose -5*p = -r - 11, -3*p + 0*r = r - 13. What is the remainder when 20 is divided by p?
2
Let f = 50 + -42. Suppose -5*h + k + 53 = 0, 5*k + 23 = 2*h + h. Calculate the remainder when (5 + -7)*-2*38/f is divided by h.
8
Suppose 2*c - 583 = -3*w - 3*c, -166 = -w + 4*c. What is the remainder when w is divided by 19?
15
Suppose 3*m - 6*m = -84. Let a be (-8)/m + (-141)/21. Let x(h) = -5*h - 4. What is the remainder when x(a) is divided by 8?
7
Let t be ((-270)/42)/(-1) - (-4)/7. Suppose 12*f - 145 = t*f. Calculate the remainder when f is divided by 8.
5
Let y(r) be the second derivative of r**4/12 + 5*r**3/6 + r**2/2 - 23*r. Calculate the remainder when y(-11) is divided by 17.
16
Suppose -9*s - 3 = -10*s. Suppose 0*t - 24 = -3*t. What is the remainder when t is divided by (-5)/((-5)/s) + 0?
2
Let v = -100 + 313. Let p = v - 150. Calculate the remainder when p is divided by 33.
30
Suppose 32*h - 50 = 27*h. Suppose h*g - 616 = 414. What is the remainder when g is divided by 26?
25
What is the remainder when 147 is divided by 37 - (3*2/3 + -3)?
33
Suppose -3*o + 7 = 1. Suppose 26 + o = 4*n. What is the remainder when 10 is divided by n?
3
Suppose -90 = 18*d - 801 - 45. Calculate the remainder when d is divided by (-31)/(-3) + (-4)/(-6).
9
Suppose -g + 772 = 4*k, -g + 396 = 2*k - 3*g. Suppose 2*q + k = 5*w, -4*w + 200 = q + 50. Suppose w = -3*o + 4*o. What is the remainder when o is divided by 13?
12
Suppose -6 = -c + 15. Suppose -2*p + y + 40 = 0, 5*p + y - 106 = 5*y. Let u = 80 - p. Calculate the remainder when u is divided by c.
20
Suppose 4*d + 558 = 770. Calculate the remainder when 85 is divided by d.
32
Let h(o) = -o**2 - 3*o - 1. Let t = 27 + -25. Suppose -t*l + 6 = -l. Calculate the remainder when l is divided by h(-2).
0
Let z(p) = 6*p**2 + 2*p + 6. Let g be z(-4). Let t = 152 - g. What is the remainder when t is divided by 15?
13
Suppose 0 = -12*o + 76 + 320. What is the remainder when (15/(-6))/((-3)/114) is divided by o?
29
Let u(p) = 2*p**2 + 7*p. Let v be u(-6). Suppose 4*x = -2*o + v, 5*x - 42 = 5*o - 12. Let n = -17 + 42. Calculate the remainder when n is divided by x.
4
Let p = 48 - 45. What is the remainder when 15 is divided by p?
0
Suppose 3*l + 5*b = 6 + 1, 0 = -4*l - 5*b + 11. Suppose 2*z - 37 = -2*d + 5*d, -2*d - 70 = -l*z. What is the remainder when 63 is divided by z?
12
Suppose 0 = -4*d + 2 + 2, -4*w - d = 239. Let y be 134/(-4) - (6/4 - 2). Let p = y - w. What is the remainder when p is divided by 15?
12
Let q be (-12)/(-8) + (-2)/4. Let f = 1 + q. Suppose 3*o - 7*o = w - 23, -2 = -f*w + 3*o. Calculate the remainder when 18 is divided by w.
4
Suppose 0 = -5*i + 9*i + 104. Let t = 151 + i. What is the remainder when t is divided by 43?
39
What is the remainder when 13 is divided by 195/156*32/10?
1
Let w be 10/15 - 103/(-3). Suppose q - w = 3*t, 2*t + 140 = -0*q + 4*q. Suppose -4*c + q = c. Calculate the remainder when c is divided by 3.
1
Let s(x) = -x**2 + 15*x + 36. Calculate the remainder when 101 is divided by s(0).
29
Let j(v) = -26*v**3. What is the remainder when -1 + -6 - (3 - 80 - 7) is divided by j(-1)?
25
Let x(g) be the third derivative of -g**2 + 0 + 1/60*g**5 - 5/6*g**3 + 0*g - 3/8*g**4. What is the remainder when 66 is divided by x(11)?
15
Suppose 35*b = 2484 + 7771. Calculate the remainder when b is divided by 143.
7
Let w = -497 - -517. Calculate the remainder when 598 is divided by w.
18
Let t = 14 + -11. Suppose 5*s + t*a = 62, 8*s - 5*s - a = 40. What is the remainder when s is divided by 9?
4
Let u(l) = -l**3 + 12*l**2 + 15*l + 6. Let r(z) = z**3 + 23*z**2 - 54*z - 5. Calculate the remainder when r(-25) is divided by u(13).
31
Suppose 75*a = 78*a - 12. Let t = 11 - a. What is the remainder when 24 is divided by t?
3
Suppose -i + 3*i = 30. Suppose -9*s + 292 = -5*s. Calculate the remainder when s is divided by i.
13
Let v(r) = 37*r - 12. What is the remainder when v(3) is divided by 34?
31
Let j = -398 + 512. What is the remainder when j is divided by 30?
24
Suppose -3*p + 3 = -4*x + 10, 0 = -5*x + p + 17. Suppose -3*w + w + 200 = x*h, 4*w + 5*h - 412 = 0. Calculate the remainder when w is divided by 28.
24
Suppose 12*v + 449 = 509. Suppose -16 = -3*f + 41. What is the remainder when f is divided by v?
4
Let n be (35/(-10) + 4)*-86. Let l = -13 - n. What is the remainder when l is divided by 16?
14
Let w(g) = 7*g**2 + 14*g + 12. Let n(v) = -v**2 - v. Let i(x) = 6*n(x) + w(x). Calculate the remainder when (132/(-15))/2*-5 is divided by i(-8).
10
Suppose 6*t - 300 = 444. Calculate the remainder when t is divided by 23.
9
Let a(o) = 3*o - 38. Let f = 15 + -11. Suppose 0*q - 388 = -f*q. Calculate the remainder when q is divided by a(21).
22
Let w = -378 + 400. What is the remainder when 108 is divided by w?
20
Suppose 2*v = -77 + 529. Let t = v - 127. Calculate the remainder when t is divided by 26.
21
Suppose -2*u = -u - 4*q - 1, q - 11 = -u. What is the remainder when u is divided by (-192)/(-90) - 12/90?
1
Suppose -h = -4*i + 32 + 55, 0 = 5*i - 4*h - 95. Calculate the remainder when 143 is divided by i.
5
Suppose 5*s + 6 = 81. Suppose 6*l - 296 = 30 + 196. Calculate the remainder when l is divided by s.
12
Suppose -59*f = 20*f - 1580. Calculate the remainder when 1039 is divided by f.
19
Suppose -o + 6*b + 18 = b, o - b = 6. Suppose o*z + 5 = -4, -99 = -2*d + 3*z. What is the remainder when 269 is divided by d?
44
Suppose 5*o - 44 = y, y - 5*y - 176 = -5*o. Suppose -11*s - 5888 = -75*s. Let p = y + s. What is the remainder when p is divided by 13?
9
Let w = 44 - 42. Suppose -3*l - w*v = 3*v - 32, 3*v + 48 = 3*l. Calculate the remainder when 55 is divided by l.
13
Let p = 115 - 103. What is the remainder when 28 is divided by p?
4
Let o(v) = -v**3 + 20*v**2 - 25*v - 41. Calculate the remainder when o(18) is divided by 16.
13
Let z(l) = l**3 - 10*l**2 + 24*l - 35. Let y be 7/1*(1 + 0). Calculate the remainder when 2/y + (-2367)/(-21) is divided by z(8).
26
Let n be (2/4)/(2/4). Let v(q) = -10*q**2 + 6. Let b(z) =